{"id":2,"date":"2024-03-14T20:17:05","date_gmt":"2024-03-14T20:17:05","guid":{"rendered":"https:\/\/audilatinoamerica-contact.com\/cr\/?page_id=2"},"modified":"2024-06-05T16:23:55","modified_gmt":"2024-06-05T16:23:55","slug":"privacy","status":"publish","type":"page","link":"https:\/\/audilatinoamerica-contact.com\/cr\/privacy\/","title":{"rendered":"Aviso de Privacidad"},"content":{"rendered":"\n<p><strong>Declaraci\u00f3n de consentimiento conforme a la Ley de Protecci\u00f3n de Datos<\/strong><\/p>\n\n\n\n<p>Consentimiento Informado<\/p>\n\n\n\n<p>La empresa Corporaci\u00f3n Motortec S.A. y subsidiarias, con oficinas en San Jos\u00e9, Sabana Norte, calle 42 Avenida Las Am\u00e9ricas, c\u00e9dula de persona jur\u00eddica n\u00famero tres-uno cero uno \u2013 cero seis cero cero uno ocho (en adelante la \u201cResponsable\u201d), en virtud de lo que dispone la Ley de Protecci\u00f3n de la Persona frente al tratamiento de sus datos personales N\u00b0 8968 (en adelante, la \u201cLPD\u201d) y su Reglamento (en adelante \u201cRLPD\u201d), as\u00ed como toda la legislaci\u00f3n vigente y relacionada a la materia le hace saber lo siguiente:<br><br>La Responsable almacenar\u00e1 los datos de car\u00e1cter personal del cliente o prospecto en su base de datos en las oficinas centrales de la Responsable, ubicadas en San Jos\u00e9, Sabana Norte, Calle 42 Avenida Las Am\u00e9ricas, o en los Centros de Datos que este designe en conformidad con los est\u00e1ndares internacionales en seguridad y protecci\u00f3n de datos.<br><br>Los Datos son almacenados con fines informativos, para contacto y seguimiento de oportunidades de negocio con clientes y prospectos, comunicaci\u00f3n de ofertas y promociones vigentes, horarios de atenci\u00f3n e informaci\u00f3n general de inter\u00e9s, gesti\u00f3n de cobro y servicios financieros, as\u00ed como para poder seguir prestando los servicios postventa, todo lo cual est\u00e1 a cargo de la Responsable. Esta autorizaci\u00f3n comprende tambi\u00e9n los estudios correspondientes de las sociedades donde figure como representante legal. La informaci\u00f3n ser\u00e1 tratada con la privacidad, confidencialidad y seguridad que estipula la legislaci\u00f3n vigente en la materia.<br>Todos los datos que le son solicitados son de car\u00e1cter obligatorio, siendo que los mismos son los estrictamente necesarios para la prestaci\u00f3n del servicio pactado.<br><br>La obtenci\u00f3n de los datos faculta a la Responsable a prestar los servicios, y por contrario la negativa de comunicar los Datos solicitados tendr\u00e1 como consecuencia \u00fanica la imposibilidad para la Responsable de prestar los servicios solicitados por el cliente.<br>La Responsable le informa al cliente de la posibilidad que puede ejercitar sus derechos de acceso, rectificaci\u00f3n, modificaci\u00f3n, revocaci\u00f3n o eliminaci\u00f3n, respecto a sus Datos, a la direcci\u00f3n: San Jose, Sabana Norte, Calle 42 Avenida Las Am\u00e9ricas, o en todo caso a la direcci\u00f3n electr\u00f3nica datos@grupodanissa.com.<\/p>\n","protected":false},"excerpt":{"rendered":"<p>Declaraci\u00f3n de consentimiento conforme a la Ley de Protecci\u00f3n de Datos Consentimiento Informado La empresa Corporaci\u00f3n Motortec S.A. y subsidiarias, con oficinas en San Jos\u00e9, Sabana Norte, calle 42 Avenida Las Am\u00e9ricas, c\u00e9dula de persona jur\u00eddica n\u00famero tres-uno cero uno \u2013 cero seis cero cero uno ocho (en adelante la \u201cResponsable\u201d), en virtud de lo [&hellip;]<\/p>\n","protected":false},"author":1,"featured_media":0,"parent":0,"menu_order":0,"comment_status":"closed","ping_status":"closed","template":"template-legal.php","meta":{"_acf_changed":false,"footnotes":""},"class_list":["post-2","page","type-page","status-publish","hentry"],"acf":[],"yoast_head":"<!-- This site is optimized with the Yoast SEO plugin v25.1 - https:\/\/yoast.com\/wordpress\/plugins\/seo\/ -->\n<title>Aviso de Privacidad - Costa Rica<\/title>\n<meta name=\"robots\" content=\"index, follow, max-snippet:-1, max-image-preview:large, max-video-preview:-1\" \/>\n<link rel=\"canonical\" href=\"https:\/\/audilatinoamerica-contact.com\/cr\/privacy\/\" \/>\n<meta property=\"og:locale\" content=\"es_MX\" \/>\n<meta property=\"og:type\" content=\"article\" \/>\n<meta property=\"og:title\" content=\"Aviso de Privacidad - Costa Rica\" \/>\n<meta property=\"og:description\" content=\"Declaraci\u00f3n de consentimiento conforme a la Ley de Protecci\u00f3n de Datos Consentimiento Informado La empresa Corporaci\u00f3n Motortec S.A. y subsidiarias, con oficinas en San Jos\u00e9, Sabana Norte, calle 42 Avenida Las Am\u00e9ricas, c\u00e9dula de persona jur\u00eddica n\u00famero tres-uno cero uno \u2013 cero seis cero cero uno ocho (en adelante la \u201cResponsable\u201d), en virtud de lo [&hellip;]\" \/>\n<meta property=\"og:url\" content=\"https:\/\/audilatinoamerica-contact.com\/cr\/privacy\/\" \/>\n<meta property=\"og:site_name\" content=\"Costa Rica\" \/>\n<meta property=\"article:modified_time\" content=\"2024-06-05T16:23:55+00:00\" \/>\n<meta name=\"twitter:card\" content=\"summary_large_image\" \/>\n<meta name=\"twitter:label1\" content=\"Tiempo de lectura\" \/>\n\t<meta name=\"twitter:data1\" content=\"2 minutos\" \/>\n<script type=\"application\/ld+json\" class=\"yoast-schema-graph\">{\"@context\":\"https:\/\/schema.org\",\"@graph\":[{\"@type\":\"WebPage\",\"@id\":\"https:\/\/audilatinoamerica-contact.com\/cr\/privacy\/\",\"url\":\"https:\/\/audilatinoamerica-contact.com\/cr\/privacy\/\",\"name\":\"Aviso de Privacidad - Costa Rica\",\"isPartOf\":{\"@id\":\"https:\/\/audilatinoamerica-contact.com\/cr\/#website\"},\"datePublished\":\"2024-03-14T20:17:05+00:00\",\"dateModified\":\"2024-06-05T16:23:55+00:00\",\"breadcrumb\":{\"@id\":\"https:\/\/audilatinoamerica-contact.com\/cr\/privacy\/#breadcrumb\"},\"inLanguage\":\"es\",\"potentialAction\":[{\"@type\":\"ReadAction\",\"target\":[\"https:\/\/audilatinoamerica-contact.com\/cr\/privacy\/\"]}]},{\"@type\":\"BreadcrumbList\",\"@id\":\"https:\/\/audilatinoamerica-contact.com\/cr\/privacy\/#breadcrumb\",\"itemListElement\":[{\"@type\":\"ListItem\",\"position\":1,\"name\":\"Inicio\",\"item\":\"https:\/\/audilatinoamerica-contact.com\/cr\/\"},{\"@type\":\"ListItem\",\"position\":2,\"name\":\"Aviso de Privacidad\"}]},{\"@type\":\"WebSite\",\"@id\":\"https:\/\/audilatinoamerica-contact.com\/cr\/#website\",\"url\":\"https:\/\/audilatinoamerica-contact.com\/cr\/\",\"name\":\"Costa Rica\",\"description\":\"\",\"potentialAction\":[{\"@type\":\"SearchAction\",\"target\":{\"@type\":\"EntryPoint\",\"urlTemplate\":\"https:\/\/audilatinoamerica-contact.com\/cr\/?s={search_term_string}\"},\"query-input\":{\"@type\":\"PropertyValueSpecification\",\"valueRequired\":true,\"valueName\":\"search_term_string\"}}],\"inLanguage\":\"es\"}]}<\/script>\n<!-- \/ Yoast SEO plugin. -->","yoast_head_json":{"title":"Aviso de Privacidad - Costa Rica","robots":{"index":"index","follow":"follow","max-snippet":"max-snippet:-1","max-image-preview":"max-image-preview:large","max-video-preview":"max-video-preview:-1"},"canonical":"https:\/\/audilatinoamerica-contact.com\/cr\/privacy\/","og_locale":"es_MX","og_type":"article","og_title":"Aviso de Privacidad - Costa Rica","og_description":"Declaraci\u00f3n de consentimiento conforme a la Ley de Protecci\u00f3n de Datos Consentimiento Informado La empresa Corporaci\u00f3n Motortec S.A. y subsidiarias, con oficinas en San Jos\u00e9, Sabana Norte, calle 42 Avenida Las Am\u00e9ricas, c\u00e9dula de persona jur\u00eddica n\u00famero tres-uno cero uno \u2013 cero seis cero cero uno ocho (en adelante la \u201cResponsable\u201d), en virtud de lo [&hellip;]","og_url":"https:\/\/audilatinoamerica-contact.com\/cr\/privacy\/","og_site_name":"Costa Rica","article_modified_time":"2024-06-05T16:23:55+00:00","twitter_card":"summary_large_image","twitter_misc":{"Tiempo de lectura":"2 minutos"},"schema":{"@context":"https:\/\/schema.org","@graph":[{"@type":"WebPage","@id":"https:\/\/audilatinoamerica-contact.com\/cr\/privacy\/","url":"https:\/\/audilatinoamerica-contact.com\/cr\/privacy\/","name":"Aviso de Privacidad - Costa Rica","isPartOf":{"@id":"https:\/\/audilatinoamerica-contact.com\/cr\/#website"},"datePublished":"2024-03-14T20:17:05+00:00","dateModified":"2024-06-05T16:23:55+00:00","breadcrumb":{"@id":"https:\/\/audilatinoamerica-contact.com\/cr\/privacy\/#breadcrumb"},"inLanguage":"es","potentialAction":[{"@type":"ReadAction","target":["https:\/\/audilatinoamerica-contact.com\/cr\/privacy\/"]}]},{"@type":"BreadcrumbList","@id":"https:\/\/audilatinoamerica-contact.com\/cr\/privacy\/#breadcrumb","itemListElement":[{"@type":"ListItem","position":1,"name":"Inicio","item":"https:\/\/audilatinoamerica-contact.com\/cr\/"},{"@type":"ListItem","position":2,"name":"Aviso de Privacidad"}]},{"@type":"WebSite","@id":"https:\/\/audilatinoamerica-contact.com\/cr\/#website","url":"https:\/\/audilatinoamerica-contact.com\/cr\/","name":"Costa Rica","description":"","potentialAction":[{"@type":"SearchAction","target":{"@type":"EntryPoint","urlTemplate":"https:\/\/audilatinoamerica-contact.com\/cr\/?s={search_term_string}"},"query-input":{"@type":"PropertyValueSpecification","valueRequired":true,"valueName":"search_term_string"}}],"inLanguage":"es"}]}},"_links":{"self":[{"href":"https:\/\/audilatinoamerica-contact.com\/cr\/wp-json\/wp\/v2\/pages\/2","targetHints":{"allow":["GET"]}}],"collection":[{"href":"https:\/\/audilatinoamerica-contact.com\/cr\/wp-json\/wp\/v2\/pages"}],"about":[{"href":"https:\/\/audilatinoamerica-contact.com\/cr\/wp-json\/wp\/v2\/types\/page"}],"author":[{"embeddable":true,"href":"https:\/\/audilatinoamerica-contact.com\/cr\/wp-json\/wp\/v2\/users\/1"}],"replies":[{"embeddable":true,"href":"https:\/\/audilatinoamerica-contact.com\/cr\/wp-json\/wp\/v2\/comments?post=2"}],"version-history":[{"count":4,"href":"https:\/\/audilatinoamerica-contact.com\/cr\/wp-json\/wp\/v2\/pages\/2\/revisions"}],"predecessor-version":[{"id":28,"href":"https:\/\/audilatinoamerica-contact.com\/cr\/wp-json\/wp\/v2\/pages\/2\/revisions\/28"}],"wp:attachment":[{"href":"https:\/\/audilatinoamerica-contact.com\/cr\/wp-json\/wp\/v2\/media?parent=2"}],"curies":[{"name":"wp","href":"https:\/\/api.w.org\/{rel}","templated":true}]}}

<p><strong>Declaración de consentimiento conforme a la Ley de Protección de Datos</strong></p>



<p>Consentimiento Informado</p>



<p>La empresa Corporación Motortec S.A. y subsidiarias, con oficinas en San José, Sabana Norte, calle 42 Avenida Las Américas, cédula de persona jurídica número tres-uno cero uno – cero seis cero cero uno ocho (en adelante la “Responsable”), en virtud de lo que dispone la Ley de Protección de la Persona frente al tratamiento de sus datos personales N° 8968 (en adelante, la “LPD”) y su Reglamento (en adelante “RLPD”), así como toda la legislación vigente y relacionada a la materia le hace saber lo siguiente:<br><br>La Responsable almacenará los datos de carácter personal del cliente o prospecto en su base de datos en las oficinas centrales de la Responsable, ubicadas en San José, Sabana Norte, Calle 42 Avenida Las Américas, o en los Centros de Datos que este designe en conformidad con los estándares internacionales en seguridad y protección de datos.<br><br>Los Datos son almacenados con fines informativos, para contacto y seguimiento de oportunidades de negocio con clientes y prospectos, comunicación de ofertas y promociones vigentes, horarios de atención e información general de interés, gestión de cobro y servicios financieros, así como para poder seguir prestando los servicios postventa, todo lo cual está a cargo de la Responsable. Esta autorización comprende también los estudios correspondientes de las sociedades donde figure como representante legal. La información será tratada con la privacidad, confidencialidad y seguridad que estipula la legislación vigente en la materia.<br>Todos los datos que le son solicitados son de carácter obligatorio, siendo que los mismos son los estrictamente necesarios para la prestación del servicio pactado.<br><br>La obtención de los datos faculta a la Responsable a prestar los servicios, y por contrario la negativa de comunicar los Datos solicitados tendrá como consecuencia única la imposibilidad para la Responsable de prestar los servicios solicitados por el cliente.<br>La Responsable le informa al cliente de la posibilidad que puede ejercitar sus derechos de acceso, rectificación, modificación, revocación o eliminación, respecto a sus Datos, a la dirección: San Jose, Sabana Norte, Calle 42 Avenida Las Américas, o en todo caso a la dirección electrónica datos@grupodanissa.com.</p>

<p>Declaración de consentimiento conforme a la Ley de Protección de Datos Consentimiento Informado La empresa Corporación Motortec S.A. y subsidiarias, con oficinas en San José, Sabana Norte, calle 42 Avenida Las Américas, cédula de persona jurídica número tres-uno cero uno – cero seis cero cero uno ocho (en adelante la “Responsable”), en virtud de lo [&hellip;]</p>

<!-- This site is optimized with the Yoast SEO plugin v25.1 - https://yoast.com/wordpress/plugins/seo/ -->
<title>Aviso de Privacidad - Costa Rica</title>
<meta name="robots" content="index, follow, max-snippet:-1, max-image-preview:large, max-video-preview:-1" />
<link rel="canonical" href="https://audilatinoamerica-contact.com/cr/privacy/" />
<meta property="og:locale" content="es_MX" />
<meta property="og:type" content="article" />
<meta property="og:title" content="Aviso de Privacidad - Costa Rica" />
<meta property="og:description" content="Declaración de consentimiento conforme a la Ley de Protección de Datos Consentimiento Informado La empresa Corporación Motortec S.A. y subsidiarias, con oficinas en San José, Sabana Norte, calle 42 Avenida Las Américas, cédula de persona jurídica número tres-uno cero uno – cero seis cero cero uno ocho (en adelante la “Responsable”), en virtud de lo [&hellip;]" />
<meta property="og:url" content="https://audilatinoamerica-contact.com/cr/privacy/" />
<meta property="og:site_name" content="Costa Rica" />
<meta property="article:modified_time" content="2024-06-05T16:23:55+00:00" />
<meta name="twitter:card" content="summary_large_image" />
<meta name="twitter:label1" content="Tiempo de lectura" />
	<meta name="twitter:data1" content="2 minutos" />
<script type="application/ld+json" class="yoast-schema-graph">{"@context":"https://schema.org","@graph":[{"@type":"WebPage","@id":"https://audilatinoamerica-contact.com/cr/privacy/","url":"https://audilatinoamerica-contact.com/cr/privacy/","name":"Aviso de Privacidad - Costa Rica","isPartOf":{"@id":"https://audilatinoamerica-contact.com/cr/#website"},"datePublished":"2024-03-14T20:17:05+00:00","dateModified":"2024-06-05T16:23:55+00:00","breadcrumb":{"@id":"https://audilatinoamerica-contact.com/cr/privacy/#breadcrumb"},"inLanguage":"es","potentialAction":[{"@type":"ReadAction","target":["https://audilatinoamerica-contact.com/cr/privacy/"]}]},{"@type":"BreadcrumbList","@id":"https://audilatinoamerica-contact.com/cr/privacy/#breadcrumb","itemListElement":[{"@type":"ListItem","position":1,"name":"Inicio","item":"https://audilatinoamerica-contact.com/cr/"},{"@type":"ListItem","position":2,"name":"Aviso de Privacidad"}]},{"@type":"WebSite","@id":"https://audilatinoamerica-contact.com/cr/#website","url":"https://audilatinoamerica-contact.com/cr/","name":"Costa Rica","description":"","potentialAction":[{"@type":"SearchAction","target":{"@type":"EntryPoint","urlTemplate":"https://audilatinoamerica-contact.com/cr/?s={search_term_string}"},"query-input":{"@type":"PropertyValueSpecification","valueRequired":true,"valueName":"search_term_string"}}],"inLanguage":"es"}]}</script>
<!-- / Yoast SEO plugin. -->

Declaración de consentimiento conforme a la Ley de Protección de Datos Consentimiento Informado La empresa Corporación Motortec S.A. y subsidiarias, con oficinas en San José, Sabana Norte, calle 42 Avenida Las Américas, cédula de persona jurídica número tres-uno cero uno – cero seis cero cero uno ocho (en adelante la “Responsable”), en virtud de lo [&hellip;]
